{"id":252,"date":"2012-05-14T17:40:42","date_gmt":"2012-05-14T17:40:42","guid":{"rendered":"http:\/\/www.ff-muehlbach.at\/WordPress\/?page_id=252"},"modified":"2012-05-21T20:31:40","modified_gmt":"2012-05-21T18:31:40","slug":"grundungsmitglieder","status":"publish","type":"page","link":"http:\/\/www.ff-muehlbach.at\/WordPress\/?page_id=252","title":{"rendered":"Gr\u00fcndungsmitglieder"},"content":{"rendered":"<table border=\"0\">\n<tbody>\n<tr>\n<td style=\"text-align: left;\"><strong>Name<\/strong><\/td>\n<td style=\"text-align: left;\"><strong>Beruf<\/strong><\/td>\n<td style=\"text-align: left;\"><strong>Geburtsjahr<\/strong><\/td>\n<td style=\"text-align: left;\"><strong>Dienstgrad<\/strong><\/td>\n<\/tr>\n<tr>\n<td>Waldsch\u00fctz Franz<\/td>\n<td>Kaufmann<\/td>\n<td>Geb.1874<\/td>\n<td>Hauptmann<\/td>\n<\/tr>\n<tr>\n<td>Merkl Rudolf<\/td>\n<td>Gastwirt<\/td>\n<td>Geb.1867<\/td>\n<td>Hauptmann Stv.<\/td>\n<\/tr>\n<tr>\n<td>Hofbauer Anton<\/td>\n<td>Landwirt<\/td>\n<td>Geb.1862<\/td>\n<td>Zugsf\u00fchrer<\/td>\n<\/tr>\n<tr>\n<td>Lager Josef<\/td>\n<td>Landwirt<\/td>\n<td>Geb.1868<\/td>\n<td>Zugsf\u00fchrer<\/td>\n<\/tr>\n<tr>\n<td>Johandl Franz<\/td>\n<td>Schuhmacher<\/td>\n<td>Geb.1861<\/td>\n<td>Schriftf\u00fchrer<\/td>\n<\/tr>\n<tr>\n<td>Polsterer Franz<\/td>\n<td>Landwirt<\/td>\n<td>Geb.1874<\/td>\n<td>Kassier<\/td>\n<\/tr>\n<tr>\n<td>Pinska Anton<\/td>\n<td>Schmiedemeister<\/td>\n<td>Geb.1861<\/td>\n<td>Spritzmeister<\/td>\n<\/tr>\n<tr>\n<td>Hartner Karl<\/td>\n<td>Bindergehilfe<\/td>\n<td>Geb.1873<\/td>\n<td>Rothenf\u00fchrer<\/td>\n<\/tr>\n<tr>\n<td>Agritz Ferdinand<\/td>\n<td>Landwirt<\/td>\n<td>Geb.1871<\/td>\n<td>Rothenf\u00fchrer<\/td>\n<\/tr>\n<tr>\n<td>Johandl Josef<\/td>\n<td>Schuhmacher<\/td>\n<td>Geb.1874<\/td>\n<td>Ausschu\u00df<\/td>\n<\/tr>\n<tr>\n<td>Ertl Franz<\/td>\n<td>Landwirt<\/td>\n<td>Geb.1846<\/td>\n<td>Ausschu\u00df<\/td>\n<\/tr>\n<tr>\n<td>Schnatter Heinrich<\/td>\n<td>Landwirt<\/td>\n<td>Geb.1866<\/td>\n<td>Hornist<\/td>\n<\/tr>\n<tr>\n<td>Mold Johann<\/td>\n<td>Brieftr\u00e4ger<\/td>\n<td>Geb.1864<\/td>\n<td>Hornist<\/td>\n<\/tr>\n<tr>\n<td>Lazenhofer Johann<\/td>\n<td>Zimmermeister<\/td>\n<td>Geb.1855<\/td>\n<td>Steiger<\/td>\n<\/tr>\n<tr>\n<td>Mold Ludwig<\/td>\n<td>Landwirt<\/td>\n<td>Geb.1878<\/td>\n<td>Hornist<\/td>\n<\/tr>\n<tr>\n<td>Gschwendt Johann<\/td>\n<td>Landwirt<\/td>\n<td>Geb.1872<\/td>\n<td>Steiger<\/td>\n<\/tr>\n<tr>\n<td>Salzbauer Anton<\/td>\n<td>Landwirt<\/td>\n<td>\u00a0Geb.1876<\/td>\n<td>Steiger<\/td>\n<\/tr>\n<tr>\n<td>Nassian Franz<\/td>\n<td>Landwirt<\/td>\n<td>\u00a0Geb.1870<\/td>\n<td>Steiger<\/td>\n<\/tr>\n<tr>\n<td>Amon Julius<\/td>\n<td>Landwirt<\/td>\n<td>\u00a0Geb.1880<\/td>\n<td>Rothenf\u00fchrer<\/td>\n<\/tr>\n<tr>\n<td>Kaloubeck Mathias<\/td>\n<td>Tischlermeister<\/td>\n<td>Geb.1860<\/td>\n<td>Feuerwehrmann<\/td>\n<\/tr>\n<tr>\n<td>Kien Georg<\/td>\n<td>Landwirt<\/td>\n<td>Geb.1864<\/td>\n<td>Feuerwehrmann<\/td>\n<\/tr>\n<tr>\n<td>Salzbauer Josef<\/td>\n<td>Landwirt<\/td>\n<td>Geb.1873<\/td>\n<td>Feuerwehrmann<\/td>\n<\/tr>\n<tr>\n<td>Berger Johann<\/td>\n<td>Landwirt<\/td>\n<td>Geb.1860<\/td>\n<td>Feuerwehrmann<\/td>\n<\/tr>\n<\/tbody>\n<\/table>\nngg_shortcode_0_placeholder\n","protected":false},"excerpt":{"rendered":"<p>Name Beruf Geburtsjahr Dienstgrad Waldsch\u00fctz Franz Kaufmann Geb.1874 Hauptmann Merkl Rudolf Gastwirt Geb.1867 Hauptmann Stv. Hofbauer Anton Landwirt Geb.1862 Zugsf\u00fchrer Lager Josef Landwirt Geb.1868 Zugsf\u00fchrer Johandl Franz Schuhmacher Geb.1861 Schriftf\u00fchrer Polsterer Franz Landwirt Geb.1874 Kassier Pinska Anton Schmiedemeister Geb.1861 Spritzmeister Hartner Karl Bindergehilfe Geb.1873 Rothenf\u00fchrer Agritz Ferdinand Landwirt Geb.1871 Rothenf\u00fchrer Johandl Josef Schuhmacher Geb.1874 Ausschu\u00df &hellip; <a href=\"http:\/\/www.ff-muehlbach.at\/WordPress\/?page_id=252\" class=\"more-link\"><span class=\"screen-reader-text\">Gr\u00fcndungsmitglieder<\/span> weiterlesen <span class=\"meta-nav\">&rarr;<\/span><\/a><\/p>\n","protected":false},"author":1,"featured_media":0,"parent":130,"menu_order":0,"comment_status":"closed","ping_status":"open","template":"","meta":{"ngg_post_thumbnail":0,"footnotes":""},"class_list":["post-252","page","type-page","status-publish","hentry"],"_links":{"self":[{"href":"http:\/\/www.ff-muehlbach.at\/WordPress\/index.php?rest_route=\/wp\/v2\/pages\/252","targetHints":{"allow":["GET"]}}],"collection":[{"href":"http:\/\/www.ff-muehlbach.at\/WordPress\/index.php?rest_route=\/wp\/v2\/pages"}],"about":[{"href":"http:\/\/www.ff-muehlbach.at\/WordPress\/index.php?rest_route=\/wp\/v2\/types\/page"}],"author":[{"embeddable":true,"href":"http:\/\/www.ff-muehlbach.at\/WordPress\/index.php?rest_route=\/wp\/v2\/users\/1"}],"replies":[{"embeddable":true,"href":"http:\/\/www.ff-muehlbach.at\/WordPress\/index.php?rest_route=%2Fwp%2Fv2%2Fcomments&post=252"}],"version-history":[{"count":9,"href":"http:\/\/www.ff-muehlbach.at\/WordPress\/index.php?rest_route=\/wp\/v2\/pages\/252\/revisions"}],"predecessor-version":[{"id":479,"href":"http:\/\/www.ff-muehlbach.at\/WordPress\/index.php?rest_route=\/wp\/v2\/pages\/252\/revisions\/479"}],"up":[{"embeddable":true,"href":"http:\/\/www.ff-muehlbach.at\/WordPress\/index.php?rest_route=\/wp\/v2\/pages\/130"}],"wp:attachment":[{"href":"http:\/\/www.ff-muehlbach.at\/WordPress\/index.php?rest_route=%2Fwp%2Fv2%2Fmedia&parent=252"}],"curies":[{"name":"wp","href":"https:\/\/api.w.org\/{rel}","templated":true}]}}